9 = 4*w - 7*w. Suppose -4*l + w*l - 2 = 0. Let s(t) = -2*t + 1. What is s(l)?
5
Let n be 1 + 1 + (10 - -39). Let o(q) = q**2 - 10 + 2 + n*q - 45*q + 0*q**2. Give o(-6).
-8
Let i(r) = r**3 - 7*r**2 + 6*r + 8. Let w = -20 + 26. Give i(w).
8
Let n(k) = k**3 + 6*k + 1 - 2*k**3 + 2 - 5*k**2. Let t be n(-6). Suppose 30 = 5*b - 5*p, 2*b = -2*p - t*p + 5. Let u(z) = z**3 - 5*z**2 - z + 2. Determine u(b).
-3
Suppose 2*u + 1 = r - 1, -3*r + 5*u + 3 = 0. Let v(k) = -3*k**2 - 2. Let z(q) = -q**2 - 1. Let j(c) = r*z(c) + v(c). Determine j(3).
11
Suppose 0 = -d - 2*m, 5*d - 5*m - 13 = -2*m. Let u be -2 + 0/(-1 - d). Let b be 6*(0 + -1 - u). Let i(g) = -g**2 + 5*g + 3. What is i(b)?
-3
Let u(v) = v. Let l(w) = -3*w. Let o(d) = l(d) + 5*u(d). Calculate o(-1).
-2
Let z(w) = -w**3 - 5*w**2 - w - 2. Let a = -54 - -49. Give z(a).
3
Let d(v) = 3*v + 1. Suppose 7*l - 2*l = -15. Give d(l).
-8
Let v(m) = m - 1. Let r(i) = -i + 1. Let q(u) = -3*r(u) - 2*v(u). Let h(n) = 5*n - 25. Let o be h(4). Calculate q(o).
-6
Let a(k) = k + 4. Let w(h) = h**3 + 3*h**2 - 6*h - 4. Let r be w(-4). Suppose 4*s + 40 = 5*z, -r*z - 13 = 5*s - 4. Determine a(z).
8
Let a(y) = 6 + 3*y + 3 - 4*y. Let v be 2*3/(-6) - -1. Suppose v = 2*k - k + 4*s, 5*k = 4*s. Determine a(k).
9
Let h(a) = -14*a**3 + a**2. Let b be h(-1). Let z be 2/(-5) - 99/b. Let g(s) = s - 1. What is g(z)?
-8
Let x(v) = v. Suppose 0 = -5*l - 3*b + 35, -5*l = -4*l + 4*b + 10. Let k = l - 8. Let i be (1 - (-2)/(-4))*k. Determine x(i).
1
Let n(t) be the first derivative of 2 + 1/3*t**3 - 3*t**2 - t. Let m(v) be the first derivative of n(v). What is m(4)?
2
Let s(y) be the second derivative of y**3/6 + 7*y**2/2 - 9*y. Determine s(0).
7
Let q(i) = -4*i - 1. Suppose -11*b + 10*b + 2 = 0. Give q(b).
-9
Let d(b) be the first derivative of b**4/4 + 5*b**3/3 + 3*b**2/2 - 4*b - 38. What is d(-3)?
5
Let d(i) = 4*i**2 + 4*i + 9. Let f(v) = 5*v**2 + 4*v + 10. Let h(w) = -w - 2. Let a be h(5). Let p(o) = a*d(o) + 6*f(o). Calculate p(4).
13
Suppose -4*r - 15 + 23 = 0. Let k(s) = 3*s**2 - 2*s + 1. Determine k(r).
9
Let r(k) = k**2 - 3*k. Let h = 4 - 4. Suppose -3*q + 0*q + 12 = h. Determine r(q).
4
Let h(j) = j + 3. Let t(l) = l + 3. Let u be (-1)/3 - (-26)/(-3). Let x be 28/(-6) + (-6)/u. Let k(i) = x*h(i) + 5*t(i). What is k(-4)?
-1
Let h(c) = 2 - 4 + 2*c - 1. Calculate h(4).
5
Let u(p) = -2*p - 1. Let w = -16 - -18. Calculate u(w).
-5
Let f(y) = -3*y + 5. Let c be f(2). Let i(g) = -6*g + 1. Determine i(c).
7
Let w(o) = -o**2 - o. Let n(y) = -y**3 - 3*y**2 + 2*y + 3. Let q be n(-3). Calculate w(q).
-6
Let w(h) = h**3 - 2*h**2 - 3*h + 3. Let l(y) = y**3 - 3*y**2 - 3*y + 4. Let g(d) = 6*l(d) - 7*w(d). Let p = 6 + -6. Suppose 2*r + p*r = -8. What is g(r)?
-9
Let w(z) = -z**3 + 3*z**2 + 5*z + 2. Suppose -12*f = -11*f + 6. Let s(k) = -k**2 - 6*k + 4. Let t be s(f). Give w(t).
6
Let s(d) = d - 4*d + 1 + 0. Let y = -14 + 18. Suppose -5*r = 25, y*a + 3*r - 2 = r. What is s(a)?
-8
Let j(o) = -5*o + 1. Let m(y) = y - 1. Let z(p) = j(p) + 4*m(p). Determine z(8).
-11
Let h(b) be the first derivative of -b**3/3 - b**2/2 - 2*b - 39. Determine h(-3).
-8
Let p(n) = -n**2 - 24*n + 21. Let y be p(-25). Let d(x) = x**3 + 5*x**2 + 2*x - 5. Determine d(y).
3
Let w(o) = -2 + 0 - o**2 - 2*o + 0*o**2. Let u be (-3)/9 - (-52)/12. Suppose 4*v + 5*h + 33 = 0, 25 = u*h - 9*h. Calculate w(v).
-2
Let x(s) = s**3 - 6*s**2 + 7*s. Let c be x(4). Let t(f) = -f + 5. What is t(c)?
9
Let a = 16 + -19. Let u(r) = -r - 6. Calculate u(a).
-3
Let z(v) be the second derivative of v**5/20 + v**4/2 + 5*v**3/6 + 12*v + 2. Let x(q) = -q**3 - 2*q**2 + 3*q + 1. Let n be x(-2). Determine z(n).
0
Let g(t) = 0 + 0 - 2*t. Let j(m) = -m**3 - 10*m**2 - 10*m - 9. Let i be j(-9). Let u be (-6)/(i/(-1) - 2). Calculate g(u).
-6
Let t(i) = -i - 1. Let c(l) = -l**2 + 6*l + 3. Let x be c(6). Determine t(x).
-4
Let n(b) = b + 6. Let v(t) = -3*t - 18. Let y(o) = 11*n(o) + 4*v(o). Let s(m) be the first derivative of m**2/2 - 10*m - 1. Let x be s(7). Determine y(x).
-3
Let u(l) = 5*l**2 - 3*l + 7. Let o(z) = -4*z**2 + 2*z - 6. Let a(b) = -6*o(b) - 5*u(b). Give a(4).
-3
Let c(v) = -5*v**2 + 4*v + 2. Let l(w) = 6*w**2 - 4*w - 1. Let k(y) = -5*c(y) - 4*l(y). Give k(6).
6
Let x = -17 - -13. Let l(d) = -d + 4. Give l(x).
8
Let f(l) be the second derivative of l**5/20 + 3*l**4/4 - 5*l**3/3 - 37*l. Give f(-10).
0
Let w(f) be the second derivative of -f**3/6 + f**2/2 + 3*f. Give w(0).
1
Let a = -9 - -9. Let g(b) be the third derivative of b**5/60 - b**3/2 + b**2. Calculate g(a).
-3
Let n(o) be the second derivative of o**4/24 + o**3/3 - 2*o**2 - 3*o. Let b(w) be the first derivative of n(w). Suppose 0 = f + 3*f. What is b(f)?
2
Let l be 4/8*(0 + 6). Let x(h) = 2*h**2 - 7*h + 0*h + 8*h - h**l - 2 + 0*h. Determine x(2).
0
Suppose 2*f = -2*k - 3 + 9, -f = -3. Let a(c) = -c**2 + 3*c + k*c + 4*c**2 - 4*c. What is a(1)?
2
Let v(b) = 2*b**3 - 2*b + 1. Let z be v(1). Let n(w) = -2*w**2 + 1 + 3 - 3. Determine n(z).
-1
Let t(j) be the first derivative of -3*j - 1/20*j**5 - 1/4*j**4 - j**2 - 2/3*j**3 - 1. Let x(h) be the first derivative of t(h). Give x(-2).
2
Let i(v) = v + 3. Suppose 3*r = j + 1, -j - 1 = -4*r + 2. Give i(j).
8
Let h = 11 + -10. Let s(q) = 16*q**3 + 1. What is s(h)?
17
Let b(f) be the second derivative of f**4/12 - f**3/6 - 3*f**2/2 + 15*f. Give b(0).
-3
Let g(p) = 9*p**3 - p. Let a be g(1). Let m = 7 - a. Let t(o) = -2*o**3 - o**2 - o. Determine t(m).
2
Suppose 0 = 6*h - 8*h - 8. Let c(u) = u**3 + 2*u**2 - 4*u + 5. Give c(h).
-11
Let c = 0 - -5. Let d(n) = n + 1 - c - 4*n. Let p = 31 + -34. Give d(p).
5
Let u(h) = 4*h - h**3 - 2*h - 1 - 6*h**2 - 3*h - 2. Give u(-6).
3
Suppose 4*z = n + 22, 2*n + n + 21 = 3*z. Let a = z - 3. Let y(c) = -a*c + c - 2 - 3. What is y(0)?
-5
Let j = 28 + -33. Let t(o) = -o**2 - 4*o + 6. Give t(j).
1
Suppose -1 = q, 0 = 2*f + 2*q - 0 - 2. Let n(t) = -4*t**3 + 3*t**2 - t + 1. Give n(f).
-21
Let c = 0 - 1. Let j(z) = 2*z - 2*z + z. Calculate j(c).
-1
Let j(q) = -q**2 - 2. Let m be 0*(7 + -5)/(-4). Give j(m).
-2
Let y be (-6)/(-9)*9/2. Suppose -2*f + 18 - 6 = -y*z, 0 = -4*f. Let o(i) be the first derivative of -i**4/4 - i**3 + 3*i**2/2 + 5*i - 1. Calculate o(z).
9
Let u(d) = d**3 - 3*d**2 - 6*d + 3. Let g(m) = -m**2 + 9*m - 14. Let i be g(6). Determine u(i).
-5
Let q(c) = 6*c + 1. Let k be 2/((40/(-12))/5). What is q(k)?
-17
Let a(p) be the first derivative of -11*p**3/3 + 5*p**2 - p + 5. Let y = 2 + 3. Let o(q) = -7*q**2 + 7*q - 1. Let z(b) = y*a(b) - 8*o(b). Give z(4).
-5
Let j be (-2)/(-8) - 14/(-8). Let z(b) = 2 - 3*b**2 + 3*b - b + b**j. Let s be z(2). Let t(p) = -3*p - 3. Determine t(s).
3
Let p(b) = b**3 - 4*b**2 - 6*b + 1. Let d be (-1)/((3/(-1))/6). Let m(c) = c**2 + 1. Let g be m(d). Give p(g).
-4
Let o = 3 + -1. Let b(c) = c - 3*c**2 + o*c**2 + 0*c. What is b(-2)?
-6
Let c(f) be the second derivative of f**6/720 - f**5/60 - f**4/4 - 2*f. Let j(p) be the third derivative of c(p). Calculate j(2).
0
Suppose -2*l = 3*l - 5*z - 5, 2*l - 5*z = 5. Let n(o) = o**2 - o + 8. Calculate n(l).
8
Let m(u) = u + 2. Let s be 1/(1 - 1/2). Suppose 8 = y - 2. Suppose y = s*b - 0. What is m(b)?
7
Let i(f) = -f - 7. Let u be i(-4). Let n(d) = d + 6. Let q(y) = -3*y - 13. Let z(s) = 9*n(s) + 4*q(s). Give z(u).
11
Let a(i) = 15*i**2 - 5*i + 1. Let q(m) = -16*m**2 + 5*m. Let c(j) = -5*a(j) - 4*q(j). Let p(h) = -5*h**2 + 2*h - 2. Let b(d) = 3*c(d) - 7*p(d). Determine b(1).
2
Suppose -12 = f + 3*f. Let l be ((-13)/(-4) - 3)*12. Let x(h) = 6 - 8 - l*h**2 - 3*h + 2*h**2. Determine x(f).
-2
Let o(r) be the third derivative of r**5/60 + r**4/6 - r**3/3 - r**2. Let x be o(-4). Let w(q) = q**3 + 3*q**2 + q. Give w(x).
2
Let y(l) be the third derivative of -l**7/1008 + l**5/60 - l**2. Let h(r) be the third derivative of y(r). Give h(1).
-5
Let s(o) = -4*o**2 - 29*o + 20. Let g(d) = -d**2 - 7*d + 5. Let t(i) = -9*g(i) + 2*s(i). Give t(-5).
-5
Let z be 5 - 3/(-4 + 7). Let w(t) = t - t + z + 5*t - t. Give w(-3).
-8
Let w(q) = 4*q - 1186 + 1186. Calculate w(1).
4
Let s be (12/(-10))/(10/(-25)). Let f(k) be the third derivative of 1/6*k**4 + 5/6*k**s - 2*k**2 + 0*k + 0 - 1/60*k**5. What is f(5)?
0
Suppose -b = 2*b - 33. Let t = -10 + b. Let g(o) = -2*o**2 - 2*o + 1. Determine g(t).
-3
Let i(d) = d**3